the remainder when 14560 is divided by 441.
7
Calculate the remainder when 26545 is divided by 5.
0
Calculate the remainder when 325414 is divided by 755.
9
Calculate the remainder when 15736167 is divided by 211.
209
What is the remainder when 6417 is divided by 1034?
213
What is the remainder when 15628 is divided by 781?
8
What is the remainder when 1663 is divided by 212?
179
What is the remainder when 1661 is divided by 1660?
1
What is the remainder when 28568 is divided by 9480?
128
Calculate the remainder when 373756 is divided by 27.
22
What is the remainder when 96042 is divided by 15?
12
Calculate the remainder when 6999082 is divided by 207.
205
What is the remainder when 1992 is divided by 657?
21
Calculate the remainder when 4219 is divided by 469.
467
Calculate the remainder when 4055 is divided by 980.
135
Calculate the remainder when 56846 is divided by 50.
46
Calculate the remainder when 8410 is divided by 2642.
484
Calculate the remainder when 3399 is divided by 92.
87
What is the remainder when 1743 is divided by 149?
104
Calculate the remainder when 4197 is divided by 893.
625
What is the remainder when 807 is divided by 146?
77
Calculate the remainder when 18246 is divided by 6068.
42
Calculate the remainder when 795 is divided by 174.
99
What is the remainder when 7136 is divided by 116?
60
What is the remainder when 46065 is divided by 144?
129
Calculate the remainder when 2897 is divided by 174.
113
Calculate the remainder when 1641 is divided by 447.
300
What is the remainder when 723 is divided by 10?
3
What is the remainder when 97235 is divided by 85?
80
Calculate the remainder when 3473 is divided by 2273.
1200
What is the remainder when 1112014 is divided by 16?
14
Calculate the remainder when 2097817 is divided by 801.
799
Calculate the remainder when 58660 is divided by 29.
22
What is the remainder when 467396 is divided by 952?
916
What is the remainder when 3166 is divided by 3092?
74
Calculate the remainder when 358067 is divided by 1047.
1040
What is the remainder when 71241 is divided by 111?
90
Calculate the remainder when 2925 is divided by 351.
117
What is the remainder when 1493990 is divided by 27?
26
Calculate the remainder when 51112 is divided by 191.
115
What is the remainder when 1099788 is divided by 17184?
12
What is the remainder when 221387 is divided by 1616?
1611
What is the remainder when 14156 is divided by 9?
8
What is the remainder when 8193 is divided by 509?
49
What is the remainder when 5231 is divided by 306?
29
What is the remainder when 19937 is divided by 289?
285
Calculate the remainder when 1629 is divided by 319.
34
What is the remainder when 16798 is divided by 4198?
6
Calculate the remainder when 1394 is divided by 283.
262
Calculate the remainder when 4979 is divided by 621.
11
Calculate the remainder when 116085 is divided by 6.
3
What is the remainder when 975 is divided by 417?
141
Calculate the remainder when 3462 is divided by 677.
77
Calculate the remainder when 660167 is divided by 43.
31
What is the remainder when 4412 is divided by 2212?
2200
Calculate the remainder when 100869 is divided by 551.
36
Calculate the remainder when 38019 is divided by 148.
131
Calculate the remainder when 1353 is divided by 135.
3
What is the remainder when 19398 is divided by 25?
23
What is the remainder when 159795 is divided by 7?
6
Calculate the remainder when 44469 is divided by 311.
307
What is the remainder when 106921 is divided by 35622?
55
What is the remainder when 250222 is divided by 62554?
6
What is the remainder when 54885 is divided by 580?
365
Calculate the remainder when 2825 is divided by 682.
97
What is the remainder when 1444 is divided by 412?
208
Calculate the remainder when 71352 is divided by 42.
36
Calculate the remainder when 620182 is divided by 620173.
9
What is the remainder when 9155 is divided by 2747?
914
Calculate the remainder when 26666 is divided by 62.
6
Calculate the remainder when 151981 is divided by 184.
181
Calculate the remainder when 2896 is divided by 479.
22
What is the remainder when 67709 is divided by 645?
629
Calculate the remainder when 1999 is divided by 121.
63
What is the remainder when 5541 is divided by 74?
65
Calculate the remainder when 41444 is divided by 3188.
0
Calculate the remainder when 13586 is divided by 2360.
1786
Calculate the remainder when 22957 is divided by 1083.
214
What is the remainder when 9249 is divided by 115?
49
Calculate the remainder when 4259 is divided by 15.
14
What is the remainder when 9544 is divided by 23?
22
What is the remainder when 3130 is divided by 3098?
32
Calculate the remainder when 6965 is divided by 182.
49
Calculate the remainder when 20937 is divided by 1395.
12
Calculate the remainder when 6234 is divided by 160.
154
Calculate the remainder when 2458514 is divided by 71.
68
What is the remainder when 2303099 is divided by 28?
15
Calculate the remainder when 1279255 is divided by 1242.
1237
Calculate the remainder when 30258 is divided by 60.
18
Calculate the remainder when 23531 is divided by 2939.
19
What is the remainder when 28558 is divided by 20?
18
What is the remainder when 759727 is divided by 7?
3
What is the remainder when 636800 is divided by 86?
56
Calculate the remainder when 31904 is divided by 2899.
15
What is the remainder when 20406 is divided by 90?
66
What is the remainder when 4808 is divided by 535?
528
What is the remainder when 13592 is divided by 13516?
76
What is the remainder when 15084 is divided by 23?
19
What is the remainder when 689212 is divided by 45947?
7
What is the remainder when 26777 is divided by 16?
9
Calculate the remainder when 15732 is divided by 2872.
1372
What is the remainder when 55973 is divided by 651?
638
What is the remainder when 7553 is divided by 114?
29
What is the remainder when 5624 is divided by 2722?
180
What is the remainder when 8900 is divided by 640?
580
What is the remainder when 1325 is divided by 600?
125
What is the remainder when 28135 is divided by 2009?
9
Calculate the remainder when 652 is divided by 326.
0
Calculate the remainder when 13801 is divided by 766.
13
What is the remainder when 3268 is divided by 453?
97
What is the remainder when 279598 is divided by 413?
410
Calculate the remainder when 15965 is divided by 2644.
101
What is the remainder when 6243 is divided by 264?
171
What is the remainder when 25303 is divided by 1206?
1183
Calculate the remainder when 5941 is divided by 5907.
34
Calculate the remainder when 6553 is divided by 1064.
169
What is the remainder when 61014 is divided by 90?
84
What is the remainder when 1800 is divided by 227?
211
Calculate the remainder when 43949 is divided by 13.
9
What is the remainder when 976232 is divided by 40?
32
What is the remainder when 3721 is divided by 3698?
23
What is the remainder when 1412 is divided by 118?
114
Calculate the remainder when 120155 is divided by 1561.
1519
Calculate the remainder when 7462 is divided by 259.
210
What is the remainder when 751 is divided by 176?
47
What is the remainder when 4433 is divided by 632?
9
What is the remainder when 31515 is divided by 197?
192
Calculate the remainder when 4878 is divided by 4868.
10
Calculate the remainder when 12518 is divided by 184.
6
What is the remainder when 66102 is divided by 39?
36
Calculate the remainder when 105118 is divided by 24.
22
Calculate the remainder when 3191 is divided by 985.
236
Calculate the remainder when 16328 is divided by 70.
18
Calculate the remainder when 570 is divided by 117.
102
Calculate the remainder when 59281 is divided by 1976.
1
Calculate the remainder when 49278 is divided by 82.
78
Calculate the remainder when 1185199 is divided by 30.
19
What is the remainder when 34764 is divided by 966?
954
What is the remainder when 101424 is divided by 145?
69
What is the remainder when 15838 is divided by 680?
198
What is the remainder when 13943 is divided by 4603?
134
Calculate the remainder when 7424 is divided by 177.
167
Calculate the remainder when 691490 is divided by 230493.
11
Calculate the remainder when 45576 is divided by 241.
27
What is the remainder when 39159 is divided by 2060?
19
Calculate the remainder when 138710 is divided by 1.
0
Calcu